*k - 26. Calculate t(3).
-62
Let u(t) = -t**3 - 862*t - 2610. What is u(-3)?
3
Let n(h) = 11*h**2 + 168*h + 24. Calculate n(-7).
-613
Let g(q) = 526*q + 2108. Determine g(-4).
4
Let r(w) = -w**3 + 19*w**2 - 3*w - 20. Determine r(19).
-77
Let z(f) = f**2 + 24*f - 231. Give z(8).
25
Let a(k) = k**3 - 4*k**2 + 19*k - 1. What is a(4)?
75
Let q(j) = -j**2 + 65*j + 5724. Determine q(115).
-26
Let q(h) = -h**3 + 29*h**2 + 177*h - 239. Calculate q(34).
-1
Let n(q) = 2*q**2 - 83*q + 420. Give n(5).
55
Let d(h) = h**2 - 47*h + 451. Calculate d(14).
-11
Let h(z) = 78*z**2 - 771*z + 22. Give h(10).
112
Let u(y) = 52*y + 329. Calculate u(-6).
17
Let m(s) = -5*s**2 - 39*s + 6. What is m(-7)?
34
Let i(n) = 108*n + 820. Give i(-8).
-44
Let n(p) = 15*p**2 - 46*p - 91. Calculate n(4).
-35
Let s(w) = 5*w**2 + 766*w + 7297. Give s(-143).
4
Let a(m) = 46*m + 62. Give a(2).
154
Let v(h) = 55*h**3 + h**2 + 10*h - 8. Give v(2).
456
Let m(t) = -t**2 + 37*t - 199. Give m(32).
-39
Let g(y) = -175*y - 1124. What is g(-8)?
276
Let d(u) = -u**3 + 4*u**2 + 12*u + 19. Give d(7).
-44
Let b(n) = -n**3 - 45*n**2 + 263*n - 5254. What is b(-52)?
-2
Let s(o) = -o**2 + 579*o + 180. Determine s(0).
180
Let j(w) = 13*w - 305. Determine j(28).
59
Let p(c) = 5*c**2 + 11*c + 48. Give p(-5).
118
Let i(f) = 14*f - 16. Calculate i(1).
-2
Let r(p) = 126*p - 1386. Determine r(11).
0
Let f(h) = 103*h**2 - 10*h + 14. Calculate f(1).
107
Let l(y) = 1575*y - 17334. Calculate l(11).
-9
Let t(g) = -g**3 + 3*g**2 + 5*g - 7. Determine t(5).
-32
Let l(r) = -181*r + 2388. What is l(13)?
35
Let g(k) = -342*k + 9592. Give g(28).
16
Let z(x) = -2*x**3 - 60*x**2 + 43*x + 1284. What is z(-30)?
-6
Let y(z) = 53*z + 5137. Give y(-97).
-4
Let f(c) = -123*c + 249. Determine f(-3).
618
Let t(v) = -240*v - 1461. Calculate t(-6).
-21
Let u(l) = -8*l**2 + 82*l - 16. What is u(10)?
4
Let d(c) = 27*c**2 - 3*c + 18. Determine d(2).
120
Let z(w) = 16*w**3 - 78*w**2 - 17*w + 55. Give z(5).
20
Let x(b) = -277*b - 328. Calculate x(-1).
-51
Let i(r) = -7*r**2 + 276*r + 177. What is i(40)?
17
Let r(c) = 10*c**3 - 2*c + 36. Determine r(0).
36
Let n(o) = o**3 - 184*o**2 - 556*o + 9. Give n(-3).
-6
Let k(t) = 12*t - 459. What is k(39)?
9
Let x(p) = 272*p - 1371. What is x(7)?
533
Let w(o) = -71*o + 100. Calculate w(3).
-113
Let s(d) = -12*d**2 - 63*d + 4. Determine s(-2).
82
Let w(s) = 2*s**2 - 70*s + 47. Calculate w(33).
-85
Let g(i) = -17*i**2 + 590*i + 177. Determine g(35).
2
Let a(d) = -12*d**2 + 1601*d - 642. Determine a(133).
23
Let m(i) = -200*i - 5218. Calculate m(-26).
-18
Let r(d) = -9*d**2 - 64*d - 1. What is r(0)?
-1
Let c(d) = d**3 - 12*d**2 + 4*d - 3. Determine c(12).
45
Let h(k) = 173*k - 454. Determine h(3).
65
Let q(f) = f**3 + 2*f**2 + 7*f + 7. Give q(-7).
-287
Let w(l) = -l**3 + 25*l**2 + 48*l + 128. What is w(27)?
-34
Let i(p) = -16*p + 8. Determine i(-1).
24
Let x(b) = -b**3 + 18*b**2 + 73*b - 1688. What is x(16)?
-8
Let d(w) = -196*w + 1270. Determine d(6).
94
Let j(x) = 1244*x - 5309. What is j(4)?
-333
Let k(x) = -x**3 - 6*x**2 + 417*x + 3975. Calculate k(-11).
-7
Let t(j) = j**2 - 3*j - 451. Calculate t(-20).
9
Let w(s) = 907*s + 2766. Calculate w(-3).
45
Let n(w) = -41*w - 1026. Calculate n(-30).
204
Let n(o) = -o**2 + 12*o - 53. Calculate n(9).
-26
Let h(k) = -2*k**3 - 64*k**2 + 361*k - 335. What is h(-37)?
-2
Let r(h) = -h**2 - 179*h + 1483. Calculate r(8).
-13
Let r(o) = -o**3 - 5*o**2 + 46*o + 224. Determine r(-5).
-6
Let b(p) = -p**2 + 9*p + 6. Determine b(9).
6
Let o(r) = 127*r - 531. What is o(6)?
231
Let g(u) = 33*u - 252. What is g(-6)?
-450
Let t(i) = 22*i**2 - 70*i + 21. Determine t(4).
93
Let p(y) = 39*y**2 + 349*y - 3. What is p(-9)?
15
Let r(q) = -3*q**2 - 60*q + 468. Calculate r(6).
0
Let o(h) = 10*h**2 - 63*h + 30. Give o(8).
166
Let v(n) = -12*n - 12. Determine v(0).
-12
Let g(r) = 460*r + 1404. Give g(-3).
24
Let m(d) = -178*d - 17224. Determine m(-97).
42
Let h(y) = -177*y - 692. Calculate h(-4).
16
Let d(u) = 2*u**3 + 7*u**2 + 4*u - 17. Determine d(-3).
-20
Let b(j) = -j**3 + 105*j**2 + 110*j - 401. Determine b(106).
23
Let y(i) = -i**3 - 20*i**2 + 8*i - 31. What is y(0)?
-31
Let s(a) = -66*a - 1534. Give s(-21).
-148
Let d(i) = -17*i**3 + 10*i**2 + 5*i + 4. Determine d(-1).
26
Let v(t) = -2*t**2 + 31*t - 117. Give v(5).
-12
Let t(v) = -2*v**2 + 57*v + 277. What is t(33)?
-20
Let b(o) = 153*o**2 + 592*o + 2. Give b(-4).
82
Let s(f) = 470*f + 4226. Give s(-9).
-4
Let q(v) = -v**2 + 31*v + 42. Calculate q(30).
72
Let o(s) = -10*s**2 + 56*s + 21. Determine o(9).
-285
Let f(g) = -3*g**3 + 5*g**2 - 10*g + 45. Give f(3).
-21
Let m(h) = h**3 - 42*h**2 - 139*h + 156. Calculate m(45).
-24
Let q(v) = -4*v**2 - 79*v + 625. Calculate q(6).
7
Let s(y) = 143*y - 301. Give s(2).
-15
Let y(c) = 516*c + 26. Determine y(1).
542
Let x(h) = -h**3 + 17*h**2 + 31*h - 102. Determine x(19).
-235
Let p(d) = 51*d**2 + 2647*d - 278. Calculate p(-52).
-18
Let v(p) = 10*p**2 + 7*p - 11. Calculate v(-2).
15
Let j(t) = t**2 + 76*t + 284. Determine j(-4).
-4
Let l(v) = -3836*v + 7674. Give l(2).
2
Let o(m) = 5*m**3 + 416*m**2 + 84*m + 93. Calculate o(-83).
10
Let w(n) = -n**3 + 68*n**2 - 68*n + 90. What is w(67)?
23
Let f(g) = -g**3 - 37*g**2 + 80*g + 110. Calculate f(-39).
32
Let o(x) = -362*x + 11229. Calculate o(31).
7
Let f(x) = 58*x**3 + 66*x + 131. Determine f(-2).
-465
Let c(n) = 66*n - 2237. What is c(34)?
7
Let x(k) = -123*k - 730. What is x(-6)?
8
Let h(z) = 212*z - 1929. Calculate h(9).
-21
Let h(i) = 92*i - 1739. Calculate h(19).
9
Let z(c) = -c**3 + 938*c**2 + 1878*c + 1. Give z(-2).
5
Let r(x) = 2*x**3 + 114*x**2 - 8*x - 496. Give r(-57).
-40
Let c(f) = 8*f**2 - 138*f - 75. Give c(18).
33
Let i(j) = j**3 + 32*j**2 + 40*j + 16. Give i(-31).
-263
Let d(t) = -217*t + 2125. What is d(10)?
-45
Let k(w) = -w**3 - 20*w**2 - 16. Give k(-20).
-16
Let z(r) = -379*r**3 + r**2 + 10*r + 9. Give z(-1).
379
Let b(m) = 21*m + 301. What is b(-15)?
-14
Let h(b) = -2*b**3 - 114*b**2 + 164*b - 4232. Determine h(-59).
16
Let a(w) = -27*w - 53. Determine a(-8).
163
Let a(s) = -7*s**3 - 50*s**2 - 7*s - 33. Calculate a(-7).
-33
Let l(j) = j**2 + 22*j + 229. Calculate l(-12).
109
Let u(l) = 3079*l - 9229. Calculate u(3).
8
Let j(f) = 11*f**2 - 748*f - 9. What is j(68)?
-9
Let u(b) = b**2 + 81*b - 4369. Calculate u(37).
-3
Let d(w) = -65*w - 844. Give d(-13).
1
Let m(h) = h**2 + 34*h + 41. Give m(-33).
8
Let z(j) = -j**3 - 166*j**2 + 993*j - 6707. Determine z(-172).
1
Let m(t) = 45*t + 180. Calculate m(-4).
0
Let p(z) = -23*z**3 - 299*z**2 + 8*z + 98. Determine p(-13).
-6
Let t(q) = 9*q**3 + q**2 + 22*q + 20. Give t(-1).
-10
Let d(r) = 40*r**3 + 5*r**2 - 6*r + 2. Determine d(1).
41
Let w(v) = 899*v + 14386. What is w(-16)?
2
Let g(t) = -t**3 + 16*t**2 + 7*t + 74. Calculate g(15).
404
Let r(o) = o**3 - 7*o**2 + 34*o - 179. Calculate r(6).
-11
Let p(m) = 31*m + 206. Calculate p(-14).
-228
Let b(l) = -l**2 - 3195*l + 41727. Give b(13).
23
Let a(c) = 55*c + 92. Give a(-11).
-513
Let h(j) = -82*j + 281. Give h(5).
-129
Let i(q) = -q**3 + 3*q**2 - 6*q + 18. What is i(3)?
0
Let h(u) = -u**2 + 64*u + 226. What is h(56)?
674
Let n(r) = -7*r**2 + 14*r - 6. What is n(2)?
-6
Let t(n) = -8*n**3 - 593*n**2 - 73*n + 55. Give t(-74).
-19
Let j(d) = d**2 + 494*d + 7184. Determine j(-15).
-1
Let l(b) = -1002*b - 1077. Determine l(-1).
-75
Let k(l) = 670*l + 1334. Calculate k(-2).
-6
Let y(i) = 1104*i + 1099. What is y(-1)?
-5
Let k(m) = -4*m**2 + 15*m + 20. What is k(6)?
-34
Let a(x) = -x**3 + 49*x**2 + 7*x - 381. Calculate a(49).
-38
Let i(t) = t**3 + 23*t**2 + 23*t + 60. Give i(-22).
38
Let a(f) = -568*f**3 + 2*f**2 + 53*f - 54. Calculate a(1).
-567
Let c(x) = 2*x**3 - 4*x**2 + 15*x - 33. Give c(3).
30
Let h(t) = 13*t**3 + 31*t**2 + 15*t + 14. Determine h(-3).
-103
Let s(x) = 3*x**3 + 12*x**2 + 20*x - 22. Give s(-2).
-38
Let u(i) = 18*i + 301. Calculate u(-36).
-347
Let d(n) = 59*n**2 + 12*n + 19. What is d(-2)?
231
Let f(a) = -2*a**3 + 7*a**2 + 27*a - 99. Calculate f(5).
-39
Let n(y) = 42*y**2 - 205*y - 4. Calculate n(5).
21
Let m(u) = -u**3 + 104*u**2 - 188*u - 1642. Give m(102).
-10
Let l(b) = -42*b - 624. What is l(-14)?
-36
Let t(m) = 11*m - 1221. Give t(111).
0
Let n(c) = -15*c**3 + 25*c**2. Determine n(2).
-20
Let s(j) = -23*j 